{"id":10,"date":"2020-09-15T06:48:15","date_gmt":"2020-09-15T06:48:15","guid":{"rendered":"https:\/\/salar-uyuni.com\/index.php\/home\/"},"modified":"2023-10-15T14:28:13","modified_gmt":"2023-10-15T14:28:13","slug":"home","status":"publish","type":"page","link":"https:\/\/salar-uyuni.com\/","title":{"rendered":"Accueil"},"content":{"rendered":"\n<div class=\"wp-block-uagb-container uagb-block-69141bb4 alignfull uagb-is-root-container\"><div class=\"uagb-container-inner-blocks-wrap\">\n<div class=\"wp-block-uagb-info-box uagb-block-619335ce uagb-infobox__content-wrap  uagb-infobox-icon-above-title uagb-infobox-image-valign-top\"><div class=\"uagb-ifb-content\"><div class=\"uagb-ifb-title-wrap\"><span class=\"uagb-ifb-title-prefix\">Explorez<\/span><div class=\"uagb-ifb-separator\"><\/div><h1 class=\"uagb-ifb-title\">SALAR DE UYUNI<gwmw style=\"display:none;\"><gwmw style=\"display:none;\"><\/gwmw><\/gwmw><\/h1><\/div><div class=\"uagb-ifb-button-wrapper wp-block-button\"><a href=\"#\" class=\"uagb-infobox-cta-link wp-block-button__link\" target=\"_self\" rel=\"noopener noreferrer\" onclick=\"return false;\" alt=\"\"><span class=\"uagb-inline-editing\">nos services<\/span><\/a><\/div><\/div><\/div>\n<\/div><\/div>\n\n\n\n<div class=\"wp-block-uagb-container uagb-block-a3e829ef alignfull uagb-is-root-container\"><div class=\"uagb-container-inner-blocks-wrap\">\n<div class=\"wp-block-uagb-container uagb-block-6a290779\">\n<div class=\"wp-block-uagb-image uagb-block-a8216f8f wp-block-uagb-image--layout-default wp-block-uagb-image--effect-static wp-block-uagb-image--align-none\"><figure class=\"wp-block-uagb-image__figure\"><img decoding=\"async\" srcset=\"http:\/\/salar-uyuni.com\/wp-content\/uploads\/2022\/08\/quote-1.png ,http:\/\/salar-uyuni.com\/wp-content\/uploads\/2022\/08\/quote-1.png 780w\" sizes=\"(max-width: 480px) 150px\" src=\"http:\/\/salar-uyuni.com\/wp-content\/uploads\/2022\/08\/quote-1.png\" alt=\"\" class=\"uag-image-322\" width=\"94\" height=\"72\" title=\"\" loading=\"lazy\"\/><\/figure><\/div>\n<\/div>\n\n\n\n<div class=\"wp-block-uagb-container uagb-block-58941b1c\">\n<div class=\"wp-block-uagb-advanced-heading uagb-block-5a924dfe\"><p class=\"uagb-heading-text\">\u201cPlongez dans la beaut\u00e9 infinie du Salar de Uyuni\u201d<\/p><\/div>\n<\/div>\n<\/div><\/div>\n\n\n\n<div class=\"wp-block-uagb-container uagb-block-666abbc8 alignfull uagb-is-root-container\"><div class=\"uagb-container-inner-blocks-wrap\">\n<div class=\"wp-block-uagb-advanced-heading uagb-block-c84d8853\"><h2 class=\"uagb-heading-text\">nos voyages<\/h2><div class=\"uagb-separator\"><\/div><\/div>\n\n\n\n<div class=\"wp-block-uagb-container uagb-block-8a268cd4\">\n<div class=\"wp-block-uagb-container uagb-block-795208f6\">\n<div class=\"wp-block-uagb-info-box uagb-block-141a2be4 uagb-infobox__content-wrap  uagb-infobox-icon-above-title uagb-infobox-image-valign-top\"><div class=\"uagb-ifb-content\"><div class=\"uagb-ifb-image-content\"><img decoding=\"async\" src=\"http:\/\/salar-uyuni.com\/wp-content\/uploads\/2023\/05\/IMG_0337-1-scaled.jpg\" alt=\"\" width=\"2560\" height=\"1707\" loading=\"lazy\"\/><\/div><div class=\"uagb-ifb-title-wrap\"><h5 class=\"uagb-ifb-title\">Salar d&#8217;Uyuni<\/h5><\/div><p class=\"uagb-ifb-desc\">Le Salar de Uyuni est le plus grand d\u00e9sert de sel du monde. Il couvre une superficie de plus de 10 000 kilom\u00e8tres carr\u00e9s.<br>Il est situ\u00e9 dans le d\u00e9partement de Potos\u00ed, dans le sud-ouest de la Bolivie, \u00e0 une altitude d&#8217;environ 3 656 m\u00e8tres.<br>Le sel est parfaitement plat et cr\u00e9e un effet miroir lorsqu&#8217;il est recouvert d&#8217;une fine couche d&#8217;eau, ce qui en fait un lieu tr\u00e8s pris\u00e9 pour les photographes.<br>Le Salar de Uyuni est \u00e9galement le r\u00e9sultat de l&#8217;ass\u00e8chement d&#8217;un ancien lac pr\u00e9historique, le lac Minchin.<\/p><div class=\"uagb-ifb-button-wrapper wp-block-button\"><a href=\"#\" class=\"uagb-infobox-cta-link wp-block-button__link\" target=\"_self\" rel=\"noopener noreferrer\" onclick=\"return false;\" alt=\"\"><span class=\"uagb-inline-editing\">Lire plus<\/span><svg xmlns=\"https:\/\/www.w3.org\/2000\/svg\" viewBox=\"0 0 512 512\"><path d=\"M504.3 273.6l-112.1 104c-6.992 6.484-17.18 8.218-25.94 4.406c-8.758-3.812-14.42-12.45-14.42-21.1L351.9 288H32C14.33 288 .0002 273.7 .0002 255.1S14.33 224 32 224h319.9l0-72c0-9.547 5.66-18.19 14.42-22c8.754-3.809 18.95-2.075 25.94 4.41l112.1 104C514.6 247.9 514.6 264.1 504.3 273.6z\"><\/path><\/svg><\/a><\/div><\/div><\/div>\n<\/div>\n\n\n\n<div class=\"wp-block-uagb-container uagb-block-7c1bc57d\">\n<div class=\"wp-block-uagb-info-box uagb-block-245a1eb7 uagb-infobox__content-wrap  uagb-infobox-icon-above-title uagb-infobox-image-valign-top\"><div class=\"uagb-ifb-content\"><div class=\"uagb-ifb-image-content\"><img decoding=\"async\" src=\"http:\/\/salar-uyuni.com\/wp-content\/uploads\/2023\/05\/la_route_des_joyaux_andins_20081222_1939980013.jpeg\" alt=\"\" width=\"400\" height=\"300\" loading=\"lazy\"\/><\/div><div class=\"uagb-ifb-title-wrap\"><h5 class=\"uagb-ifb-title\">Sud Lipez<\/h5><\/div><p class=\"uagb-ifb-desc\">Le Sud Lipez est une r\u00e9gion montagneuse et d\u00e9sertique situ\u00e9e dans le d\u00e9partement de Potos\u00ed, pr\u00e8s du Salar de Uyuni.<br>Cette r\u00e9gion est c\u00e9l\u00e8bre pour ses formations g\u00e9ologiques uniques, ses lagunes de couleur vive, ses volcans, ses geysers, sources d&#8217;eau thermale et ses paysages lunaires.<br>Les lagunes du Sud Lipez, telles que la Laguna Colorada, la Laguna Verde et la Laguna Blanca, sont des destinations populaires pour les voyageurs en raison de leurs couleurs saisissantes et de leur faune, y compris les flamants roses.<br><\/p><div class=\"uagb-ifb-button-wrapper wp-block-button\"><a href=\"#\" class=\"uagb-infobox-cta-link wp-block-button__link\" target=\"_self\" rel=\"noopener noreferrer\" onclick=\"return false;\" alt=\"\"><span class=\"uagb-inline-editing\">Lire plus<\/span><svg xmlns=\"https:\/\/www.w3.org\/2000\/svg\" viewBox=\"0 0 512 512\"><path d=\"M504.3 273.6l-112.1 104c-6.992 6.484-17.18 8.218-25.94 4.406c-8.758-3.812-14.42-12.45-14.42-21.1L351.9 288H32C14.33 288 .0002 273.7 .0002 255.1S14.33 224 32 224h319.9l0-72c0-9.547 5.66-18.19 14.42-22c8.754-3.809 18.95-2.075 25.94 4.41l112.1 104C514.6 247.9 514.6 264.1 504.3 273.6z\"><\/path><\/svg><\/a><\/div><\/div><\/div>\n<\/div>\n<\/div>\n<\/div><\/div>\n\n\n\n<div class=\"wp-block-uagb-container uagb-block-df1c45b2 alignfull uagb-is-root-container\"><div class=\"uagb-container-inner-blocks-wrap\">\n<div class=\"wp-block-uagb-container uagb-block-171962a7\">\n<div class=\"wp-block-uagb-info-box uagb-block-bd28b7d2 uagb-infobox__content-wrap  uagb-infobox-icon-above-title uagb-infobox-image-valign-top\"><div class=\"uagb-ifb-content\"><div class=\"uagb-ifb-title-wrap\"><h2 class=\"uagb-ifb-title\">Explorez le Salar D&#8217;UYUNI<\/h2><\/div><div class=\"uagb-ifb-separator\"><\/div><p class=\"uagb-ifb-desc\">Diremit mundi mare undae nunc mixtam tanto sibi. Nubes unda concordi. Fert his. Recessit mentes praecipites locum caligine sui egens erat. Silvas caeli regna nunc mixtam tanto.<\/p><div class=\"uagb-ifb-button-wrapper wp-block-button\"><a href=\"#\" class=\"uagb-infobox-cta-link wp-block-button__link\" target=\"_self\" rel=\"noopener noreferrer\" onclick=\"return false;\" alt=\"\"><span class=\"uagb-inline-editing\">Lire plus<\/span><\/a><\/div><\/div><\/div>\n<\/div>\n<\/div><\/div>\n\n\n\n<div class=\"wp-block-uagb-container uagb-block-b41dd173 alignfull uagb-is-root-container\"><div class=\"uagb-container-inner-blocks-wrap\">\n<div class=\"wp-block-uagb-container uagb-block-f51192bb\">\n<div class=\"wp-block-uagb-info-box uagb-block-b69895da uagb-infobox__content-wrap  uagb-infobox-icon-above-title uagb-infobox-image-valign-top\"><div class=\"uagb-ifb-content\"><div class=\"uagb-ifb-title-wrap\"><h2 class=\"uagb-ifb-title\">Circuits et destinations<\/h2><\/div><p class=\"uagb-ifb-desc\">Le Salar de Uyuni et le Sud Lipez sont des destinations populaires pour les voyageurs en Bolivie, offrant des circuits passionnants pour d\u00e9couvrir leur beaut\u00e9 naturelle et leurs paysages uniques.<\/p><div class=\"uagb-ifb-button-wrapper wp-block-button\"><a href=\"#\" class=\"uagb-infobox-cta-link wp-block-button__link\" target=\"_self\" rel=\"noopener noreferrer\" onclick=\"return false;\" alt=\"\"><span class=\"uagb-inline-editing\">Lire plus<\/span><\/a><\/div><\/div><\/div>\n<\/div>\n\n\n\n<div class=\"wp-block-uagb-container uagb-block-4ea4bfc4\">\n<div class=\"wp-block-uagb-image uagb-block-149abebd wp-block-uagb-image--layout-default wp-block-uagb-image--effect-static wp-block-uagb-image--align-none\"><figure class=\"wp-block-uagb-image__figure\"><img decoding=\"async\" srcset=\"http:\/\/salar-uyuni.com\/wp-content\/uploads\/2023\/05\/B43A1EE5-BB3B-44A0-8308-B5972BC89919-1024x683.jpeg ,http:\/\/salar-uyuni.com\/wp-content\/uploads\/2023\/05\/B43A1EE5-BB3B-44A0-8308-B5972BC89919.jpeg 780w, http:\/\/salar-uyuni.com\/wp-content\/uploads\/2023\/05\/B43A1EE5-BB3B-44A0-8308-B5972BC89919.jpeg 360w\" sizes=\"(max-width: 480px) 150px\" src=\"http:\/\/salar-uyuni.com\/wp-content\/uploads\/2023\/05\/B43A1EE5-BB3B-44A0-8308-B5972BC89919-1024x683.jpeg\" alt=\"\" class=\"uag-image-497\" width=\"400\" height=\"300\" title=\"\" loading=\"lazy\"\/><\/figure><\/div>\n\n\n\n<div class=\"wp-block-uagb-image uagb-block-e3097e6e wp-block-uagb-image--layout-default wp-block-uagb-image--effect-static wp-block-uagb-image--align-none\"><figure class=\"wp-block-uagb-image__figure\"><img decoding=\"async\" srcset=\"http:\/\/salar-uyuni.com\/wp-content\/uploads\/2023\/05\/IMG_9815-1024x683.jpg ,http:\/\/salar-uyuni.com\/wp-content\/uploads\/2023\/05\/IMG_9815-scaled.jpg 780w, http:\/\/salar-uyuni.com\/wp-content\/uploads\/2023\/05\/IMG_9815-scaled.jpg 360w\" sizes=\"(max-width: 480px) 150px\" src=\"http:\/\/salar-uyuni.com\/wp-content\/uploads\/2023\/05\/IMG_9815-1024x683.jpg\" alt=\"\" class=\"uag-image-446\" width=\"1024\" height=\"683\" title=\"\" loading=\"lazy\"\/><\/figure><\/div>\n<\/div>\n\n\n\n<div class=\"wp-block-uagb-container uagb-block-91364c9d\">\n<div class=\"wp-block-uagb-image uagb-block-2cd9170f wp-block-uagb-image--layout-default wp-block-uagb-image--effect-static wp-block-uagb-image--align-none\"><figure class=\"wp-block-uagb-image__figure\"><img decoding=\"async\" srcset=\"http:\/\/salar-uyuni.com\/wp-content\/uploads\/2023\/05\/la_route_des_joyaux_andins_20081222_1470528466.jpeg ,http:\/\/salar-uyuni.com\/wp-content\/uploads\/2023\/05\/la_route_des_joyaux_andins_20081222_1470528466.jpeg 780w, http:\/\/salar-uyuni.com\/wp-content\/uploads\/2023\/05\/la_route_des_joyaux_andins_20081222_1470528466.jpeg 360w\" sizes=\"(max-width: 480px) 150px\" src=\"http:\/\/salar-uyuni.com\/wp-content\/uploads\/2023\/05\/la_route_des_joyaux_andins_20081222_1470528466.jpeg\" alt=\"\" class=\"uag-image-431\" width=\"1024\" height=\"685\" title=\"\" loading=\"lazy\"\/><\/figure><\/div>\n\n\n\n<div class=\"wp-block-uagb-image uagb-block-fa54ee55 wp-block-uagb-image--layout-default wp-block-uagb-image--effect-static wp-block-uagb-image--align-none\"><figure class=\"wp-block-uagb-image__figure\"><img decoding=\"async\" srcset=\"http:\/\/salar-uyuni.com\/wp-content\/uploads\/2023\/05\/IMG_0870-1024x576.jpg ,http:\/\/salar-uyuni.com\/wp-content\/uploads\/2023\/05\/IMG_0870-scaled.jpg 780w, http:\/\/salar-uyuni.com\/wp-content\/uploads\/2023\/05\/IMG_0870-scaled.jpg 360w\" sizes=\"(max-width: 480px) 150px\" src=\"http:\/\/salar-uyuni.com\/wp-content\/uploads\/2023\/05\/IMG_0870-1024x576.jpg\" alt=\"\" class=\"uag-image-458\" width=\"300\" height=\"400\" title=\"\" loading=\"lazy\"\/><\/figure><\/div>\n<\/div>\n<\/div><\/div>\n","protected":false},"excerpt":{"rendered":"<p>\u201cPlongez dans la beaut\u00e9 infinie du Salar de Uyuni\u201d nos voyages<\/p>\n","protected":false},"author":1,"featured_media":0,"parent":0,"menu_order":0,"comment_status":"closed","ping_status":"closed","template":"","meta":{"_uag_custom_page_level_css":"","site-sidebar-layout":"no-sidebar","site-content-layout":"plain-container","ast-site-content-layout":"normal-width-container","site-content-style":"unboxed","site-sidebar-style":"unboxed","ast-global-header-display":"","ast-banner-title-visibility":"","ast-main-header-display":"","ast-hfb-above-header-display":"","ast-hfb-below-header-display":"","ast-hfb-mobile-header-display":"","site-post-title":"disabled","ast-breadcrumbs-content":"","ast-featured-img":"","footer-sml-layout":"","theme-transparent-header-meta":"enabled","adv-header-id-meta":"","stick-header-meta":"","header-above-stick-meta":"","header-main-stick-meta":"","header-below-stick-meta":"","astra-migrate-meta-layouts":"set","footnotes":""},"uagb_featured_image_src":{"full":false,"thumbnail":false,"medium":false,"medium_large":false,"large":false,"1536x1536":false,"2048x2048":false},"uagb_author_info":{"display_name":"aldoriveros","author_link":"https:\/\/salar-uyuni.com\/index.php\/author\/aldoriveros\/"},"uagb_comment_info":0,"uagb_excerpt":"\u201cPlongez dans la beaut\u00e9 infinie du Salar de Uyuni\u201d nos voyages","_links":{"self":[{"href":"https:\/\/salar-uyuni.com\/index.php\/wp-json\/wp\/v2\/pages\/10"}],"collection":[{"href":"https:\/\/salar-uyuni.com\/index.php\/wp-json\/wp\/v2\/pages"}],"about":[{"href":"https:\/\/salar-uyuni.com\/index.php\/wp-json\/wp\/v2\/types\/page"}],"author":[{"embeddable":true,"href":"https:\/\/salar-uyuni.com\/index.php\/wp-json\/wp\/v2\/users\/1"}],"replies":[{"embeddable":true,"href":"https:\/\/salar-uyuni.com\/index.php\/wp-json\/wp\/v2\/comments?post=10"}],"version-history":[{"count":23,"href":"https:\/\/salar-uyuni.com\/index.php\/wp-json\/wp\/v2\/pages\/10\/revisions"}],"predecessor-version":[{"id":562,"href":"https:\/\/salar-uyuni.com\/index.php\/wp-json\/wp\/v2\/pages\/10\/revisions\/562"}],"wp:attachment":[{"href":"https:\/\/salar-uyuni.com\/index.php\/wp-json\/wp\/v2\/media?parent=10"}],"curies":[{"name":"wp","href":"https:\/\/api.w.org\/{rel}","templated":true}]}}