{"id":413,"date":"2020-09-15T06:48:29","date_gmt":"2020-09-15T06:48:29","guid":{"rendered":"https:\/\/salar-uyuni.com\/index.php\/about\/"},"modified":"2023-10-14T03:22:25","modified_gmt":"2023-10-14T03:22:25","slug":"about","status":"publish","type":"page","link":"https:\/\/salar-uyuni.com\/index.php\/about\/","title":{"rendered":"\u00c0 propos de nous"},"content":{"rendered":"\n<div class=\"wp-block-uagb-container uagb-block-5adb1fe9 alignfull uagb-is-root-container\"><div class=\"uagb-container-inner-blocks-wrap\">\n<div class=\"wp-block-uagb-advanced-heading uagb-block-4e23ad67\"><h1 class=\"uagb-heading-text\">Qui sommes nous?<\/h1><\/div>\n<\/div><\/div>\n\n\n\n<div class=\"wp-block-uagb-container uagb-block-32091ab5 alignfull uagb-is-root-container\"><div class=\"uagb-container-inner-blocks-wrap\">\n<div class=\"wp-block-uagb-container uagb-block-ad63cce7\">\n<div class=\"wp-block-uagb-advanced-heading uagb-block-3bb820c2\"><h2 class=\"uagb-heading-text\">Our Mission<\/h2><div class=\"uagb-separator\"><\/div><p class=\"uagb-desc-text\"><strong>Llama Trek en el Salar de Uyuni es una agencia de viajes especializada en brindar experiencias de trekking en el impresionante Salar de Uyuni. Su objetivo es ofrecer aventuras inolvidables, guiadas por expertos locales y adaptadas a las preferencias de los viajeros.<\/strong><\/p><\/div>\n\n\n\n<p>Llama Trek en el Salar de Uyuni brinda experiencias \u00fanicas de trekking en el famoso Salar de Uyuni, ubicado en Bolivia. Su enfoque principal es ofrecer aventuras emocionantes y memorables a trav\u00e9s de caminatas y expediciones en este incre\u00edble desierto de sal.<\/p>\n\n\n\n<p>Organiza diferentes tipos de trekkings que permiten a los viajeros explorar los paisajes surrealistas del Salar de Uyuni, caminando sobre su vasta extensi\u00f3n de sal blanca y descubriendo sus formaciones geol\u00f3gicas \u00fanicas. Los trekkings pueden incluir caminatas, acampar bajo el cielo estrellado y disfrutar de amaneceres y atardeceres impresionantes.<\/p>\n\n\n\n<p>Llama Trek en el Salar de Uyuni se caracteriza por contar con gu\u00edas expertos y conocedores de la zona, quienes proporcionan informaci\u00f3n detallada sobre la geograf\u00eda, la flora y fauna, y la cultura local durante el recorrido. Adem\u00e1s, se aseguran de que los viajeros est\u00e9n bien equipados y se tomen las precauciones necesarias para garantizar una experiencia segura y gratificante.<\/p>\n\n\n\n<p>La agencia tambi\u00e9n puede ofrecer servicios personalizados, adaptando los trekkings de acuerdo con las preferencias y necesidades de los viajeros. Esto puede incluir opciones de rutas, duraci\u00f3n de la caminata y actividades adicionales, como visitas a lagunas, g\u00e9iseres y otras atracciones cercanas.<\/p>\n<\/div>\n\n\n\n<div class=\"wp-block-uagb-container uagb-block-799be085\">\n<div class=\"wp-block-uagb-image uagb-block-2ce07b11 wp-block-uagb-image--layout-default wp-block-uagb-image--effect-static wp-block-uagb-image--align-none\"><figure class=\"wp-block-uagb-image__figure\"><img decoding=\"async\" srcset=\"http:\/\/salar-uyuni.com\/wp-content\/uploads\/2023\/05\/F87C7D21-743D-43D6-BDB3-F0B0A1321C63-1024x683.jpeg \" sizes=\"(max-width: 480px) 150px\" src=\"http:\/\/salar-uyuni.com\/wp-content\/uploads\/2023\/05\/F87C7D21-743D-43D6-BDB3-F0B0A1321C63-1024x683.jpeg\" alt=\"\" class=\"uag-image-496\" width=\"1024\" height=\"683\" title=\"\" loading=\"lazy\"\/><\/figure><\/div>\n<\/div>\n<\/div><\/div>\n\n\n\n<div class=\"wp-block-uagb-container uagb-block-cfe7892a alignfull uagb-is-root-container\"><div class=\"uagb-container-inner-blocks-wrap\">\n<div class=\"wp-block-uagb-container uagb-block-7ba29b2d\">\n<div class=\"wp-block-uagb-advanced-heading uagb-block-34b1ce1d\"><h4 class=\"uagb-heading-text\">Extraordinary Experiences<\/h4><div class=\"uagb-separator\"><\/div><p class=\"uagb-desc-text\">Click edit button to change this text. Lorem ipsum dolor sit amet, consectetur adipiscing elit.<br><br>Click edit button to change this text. Lorem ipsum dolor sit amet, consectetur adipiscing elit. Ut elit tellus, luctus nec ullamcorper mattis, pulvinar dapibus leo. Lorem ipsum dolor sit amet, adipiscing elit.<\/p><\/div>\n<\/div>\n\n\n\n<div class=\"wp-block-uagb-container uagb-block-f7d64ba7\">\n<div class=\"wp-block-uagb-advanced-heading uagb-block-3a5c8625\"><h4 class=\"uagb-heading-text\">Our Core Values<\/h4><div class=\"uagb-separator\"><\/div><p class=\"uagb-desc-text\">Lorem ipsum dolor sit amet, consectetur adipiscing elit. Ut elit tellus, luctus nec ullamcorper mattis, pulvinar dapibus leo.<\/p><\/div>\n\n\n\n<div class=\"wp-block-uagb-icon-list uagb-block-b947922e\"><div class=\"uagb-icon-list__wrap\">\n<div class=\"wp-block-uagb-icon-list-child uagb-block-db2c46d2\"><a target=\"_self\" aria-label=\"Locavit liberioris possedit\" rel=\"noopener noreferrer\" href=\"#\"> <\/a><span class=\"uagb-icon-list__source-wrap\"><svg xmlns=\"https:\/\/www.w3.org\/2000\/svg\" viewBox=\"0 0 448 512\"><path d=\"M400 288h-352c-17.69 0-32-14.32-32-32.01s14.31-31.99 32-31.99h352c17.69 0 32 14.3 32 31.99S417.7 288 400 288z\"><\/path><\/svg><\/span><span class=\"uagb-icon-list__label\">Locavit liberioris possedit<\/span><\/div>\n\n\n\n<div class=\"wp-block-uagb-icon-list-child uagb-block-5f1596dd\"><a target=\"_self\" aria-label=\"Diremit mundi mare undae\" rel=\"noopener noreferrer\" href=\"#\"> <\/a><span class=\"uagb-icon-list__source-wrap\"><svg xmlns=\"https:\/\/www.w3.org\/2000\/svg\" viewBox=\"0 0 448 512\"><path d=\"M400 288h-352c-17.69 0-32-14.32-32-32.01s14.31-31.99 32-31.99h352c17.69 0 32 14.3 32 31.99S417.7 288 400 288z\"><\/path><\/svg><\/span><span class=\"uagb-icon-list__label\">Diremit mundi mare undae<\/span><\/div>\n\n\n\n<div class=\"wp-block-uagb-icon-list-child uagb-block-46f58958\"><a target=\"_self\" aria-label=\"Spectent tonitrua mutastis\" rel=\"noopener noreferrer\" href=\"#\"> <\/a><span class=\"uagb-icon-list__source-wrap\"><svg xmlns=\"https:\/\/www.w3.org\/2000\/svg\" viewBox=\"0 0 448 512\"><path d=\"M400 288h-352c-17.69 0-32-14.32-32-32.01s14.31-31.99 32-31.99h352c17.69 0 32 14.3 32 31.99S417.7 288 400 288z\"><\/path><\/svg><\/span><span class=\"uagb-icon-list__label\">Spectent tonitrua mutastis<\/span><\/div>\n<\/div><\/div>\n<\/div>\n<\/div><\/div>\n","protected":false},"excerpt":{"rendered":"<p>Qui sommes nous? Our Mission Llama Trek en el Salar de Uyuni es una agencia de viajes especializada en brindar experiencias de trekking en el impresionante Salar de Uyuni. Su objetivo es ofrecer aventuras inolvidables, guiadas por expertos locales y adaptadas a las preferencias de los viajeros. Llama Trek en el Salar de Uyuni brinda &hellip;<\/p>\n<p class=\"read-more\"> <a class=\"\" href=\"https:\/\/salar-uyuni.com\/index.php\/about\/\"> <span class=\"screen-reader-text\">\u00c0 propos de nous<\/span> Read More &raquo;<\/a><\/p>\n","protected":false},"author":1,"featured_media":0,"parent":0,"menu_order":0,"comment_status":"closed","ping_status":"closed","template":"","meta":{"_uag_custom_page_level_css":"","site-sidebar-layout":"no-sidebar","site-content-layout":"plain-container","ast-site-content-layout":"","site-content-style":"default","site-sidebar-style":"default","ast-global-header-display":"","ast-banner-title-visibility":"","ast-main-header-display":"","ast-hfb-above-header-display":"","ast-hfb-below-header-display":"","ast-hfb-mobile-header-display":"","site-post-title":"disabled","ast-breadcrumbs-content":"","ast-featured-img":"disabled","footer-sml-layout":"","theme-transparent-header-meta":"enabled","adv-header-id-meta":"","stick-header-meta":"","header-above-stick-meta":"","header-main-stick-meta":"","header-below-stick-meta":"","astra-migrate-meta-layouts":"","footnotes":""},"uagb_featured_image_src":{"full":false,"thumbnail":false,"medium":false,"medium_large":false,"large":false,"1536x1536":false,"2048x2048":false},"uagb_author_info":{"display_name":"aldoriveros","author_link":"https:\/\/salar-uyuni.com\/index.php\/author\/aldoriveros\/"},"uagb_comment_info":0,"uagb_excerpt":"Qui sommes nous? Our Mission Llama Trek en el Salar de Uyuni es una agencia de viajes especializada en brindar experiencias de trekking en el impresionante Salar de Uyuni. Su objetivo es ofrecer aventuras inolvidables, guiadas por expertos locales y adaptadas a las preferencias de los viajeros. Llama Trek en el Salar de Uyuni brinda&hellip;","_links":{"self":[{"href":"https:\/\/salar-uyuni.com\/index.php\/wp-json\/wp\/v2\/pages\/413"}],"collection":[{"href":"https:\/\/salar-uyuni.com\/index.php\/wp-json\/wp\/v2\/pages"}],"about":[{"href":"https:\/\/salar-uyuni.com\/index.php\/wp-json\/wp\/v2\/types\/page"}],"author":[{"embeddable":true,"href":"https:\/\/salar-uyuni.com\/index.php\/wp-json\/wp\/v2\/users\/1"}],"replies":[{"embeddable":true,"href":"https:\/\/salar-uyuni.com\/index.php\/wp-json\/wp\/v2\/comments?post=413"}],"version-history":[{"count":4,"href":"https:\/\/salar-uyuni.com\/index.php\/wp-json\/wp\/v2\/pages\/413\/revisions"}],"predecessor-version":[{"id":531,"href":"https:\/\/salar-uyuni.com\/index.php\/wp-json\/wp\/v2\/pages\/413\/revisions\/531"}],"wp:attachment":[{"href":"https:\/\/salar-uyuni.com\/index.php\/wp-json\/wp\/v2\/media?parent=413"}],"curies":[{"name":"wp","href":"https:\/\/api.w.org\/{rel}","templated":true}]}}